{"id":5606,"date":"2013-12-18T10:48:49","date_gmt":"2013-12-18T10:48:49","guid":{"rendered":"https:\/\/cedre-et-charme.fr\/erfahren-sie-mehr\/"},"modified":"2013-12-18T10:48:49","modified_gmt":"2013-12-18T10:48:49","slug":"erfahren-sie-mehr","status":"publish","type":"page","link":"https:\/\/cedre-et-charme.fr\/de\/erfahren-sie-mehr\/","title":{"rendered":"Weiterlesen&#8230;"},"content":{"rendered":"<p>Le C\u00e8dre ist eines der bemerkenswerten H\u00e4user von Saint Branchs. Das Anwesen verdankt seinen Namen der majest\u00e4tischen jahrhundertealten Zeder, die Sie zum Betreten einl\u00e4dt. Seit seiner Erbauung Mitte des 19. Jahrhunderts hat es viele Besitzer durchlaufen. Es war vor allem ein Notariat, dann die Schule f\u00fcr Jungen und M\u00e4dchen von Saint Branchs. Die letzten im Haus durchgef\u00fchrten Arbeiten erm\u00f6glichen es, den gew\u00fcnschten Komfort mit dem Charme dieser alten Residenz zu verbinden.<\/p>\n<p>Anne und Armand du Garreau hei\u00dfen Sie mit gro\u00dfer Freude willkommen und helfen Ihnen gerne, ihre Region nach Ihrem Geschmack und Ihren W\u00fcnschen zu entdecken.<br \/>\nM\u00fc\u00dfiggang, gute Restaurants, gute Weine, Freizeit, sportliche oder kulturelle Aktivit\u00e4ten: Genie\u00dfen Sie die Touraine!<\/p>\n<p><a href=\"https:\/\/cedre-et-charme.fr\/wp-content\/uploads\/2013\/12\/Chambres-dh%C3%B4tes-en-Touraine-C%C3%A8dre-et-Charme-Depuis-la-verdure-du-parc-1024x768.jpg\"><img decoding=\"async\" class=\"alignnone size-full wp-image-478\" src=\"https:\/\/cedre-et-charme.fr\/wp-content\/uploads\/2013\/12\/Chambres-dh%C3%B4tes-en-Touraine-C%C3%A8dre-et-Charme-Depuis-la-verdure-du-parc-1024x768.jpg\" alt=\"B&amp;B C\u00e8dre et Charme - Val de lindre\"><\/a><\/p>\n<p>&nbsp;<\/p>\n<p>&nbsp;<\/p>\n<p>&nbsp;<\/p>\n<p>&nbsp;<\/p>\n<p>&nbsp;<\/p>\n<p>&nbsp;<\/p>\n<p>&nbsp;<\/p>\n<p>&nbsp;<\/p>\n","protected":false},"excerpt":{"rendered":"<p>Le C\u00e8dre ist eines der bemerkenswerten H\u00e4user von Saint Branchs. Das Anwesen verdankt seinen Namen der majest\u00e4tischen jahrhundertealten Zeder, die Sie zum Betreten einl\u00e4dt. Seit  [&#8230;]<\/p>\n","protected":false},"author":3,"featured_media":0,"parent":0,"menu_order":0,"comment_status":"closed","ping_status":"closed","template":"","meta":{"footnotes":""},"class_list":["post-5606","page","type-page","status-publish","hentry"],"yoast_head":"<!-- This site is optimized with the Yoast SEO plugin v27.5 - https:\/\/yoast.com\/product\/yoast-seo-wordpress\/ -->\n<title>Erfahren Sie mehr \u00fcber die Pension C\u00e8dre et Charme<\/title>\n<meta name=\"description\" content=\"Weitere Informationen zu unseren G\u00e4stezimmern im Le C\u00e8dre in der Region Centre\" \/>\n<meta name=\"robots\" content=\"index, follow, max-snippet:-1, max-image-preview:large, max-video-preview:-1\" \/>\n<link rel=\"canonical\" href=\"https:\/\/cedre-et-charme.fr\/de\/erfahren-sie-mehr\/\" \/>\n<meta property=\"og:locale\" content=\"de_DE\" \/>\n<meta property=\"og:type\" content=\"article\" \/>\n<meta property=\"og:title\" content=\"Erfahren Sie mehr \u00fcber die Pension C\u00e8dre et Charme\" \/>\n<meta property=\"og:description\" content=\"Weitere Informationen zu unseren G\u00e4stezimmern im Le C\u00e8dre in der Region Centre\" \/>\n<meta property=\"og:url\" content=\"https:\/\/cedre-et-charme.fr\/de\/erfahren-sie-mehr\/\" \/>\n<meta property=\"og:site_name\" content=\"Maison hotes Cedre et Charme\" \/>\n<meta property=\"article:publisher\" content=\"https:\/\/www.facebook.com\/cedre.et.charme\/\" \/>\n<meta property=\"og:image\" content=\"https:\/\/cedre-et-charme.fr\/wp-content\/uploads\/2013\/12\/Chambres-dh%C3%B4tes-en-Touraine-C%C3%A8dre-et-Charme-Depuis-la-verdure-du-parc-1024x768.jpg\" \/>\n<script type=\"application\/ld+json\" class=\"yoast-schema-graph\">{\"@context\":\"https:\\\/\\\/schema.org\",\"@graph\":[{\"@type\":\"WebPage\",\"@id\":\"https:\\\/\\\/cedre-et-charme.fr\\\/de\\\/erfahren-sie-mehr\\\/\",\"url\":\"https:\\\/\\\/cedre-et-charme.fr\\\/de\\\/erfahren-sie-mehr\\\/\",\"name\":\"Erfahren Sie mehr \u00fcber die Pension C\u00e8dre et Charme\",\"isPartOf\":{\"@id\":\"https:\\\/\\\/cedre-et-charme.fr\\\/de\\\/#website\"},\"primaryImageOfPage\":{\"@id\":\"https:\\\/\\\/cedre-et-charme.fr\\\/de\\\/erfahren-sie-mehr\\\/#primaryimage\"},\"image\":{\"@id\":\"https:\\\/\\\/cedre-et-charme.fr\\\/de\\\/erfahren-sie-mehr\\\/#primaryimage\"},\"thumbnailUrl\":\"https:\\\/\\\/cedre-et-charme.fr\\\/wp-content\\\/uploads\\\/2013\\\/12\\\/Chambres-dh%C3%B4tes-en-Touraine-C%C3%A8dre-et-Charme-Depuis-la-verdure-du-parc-1024x768.jpg\",\"datePublished\":\"2013-12-18T10:48:49+00:00\",\"description\":\"Weitere Informationen zu unseren G\u00e4stezimmern im Le C\u00e8dre in der Region Centre\",\"breadcrumb\":{\"@id\":\"https:\\\/\\\/cedre-et-charme.fr\\\/de\\\/erfahren-sie-mehr\\\/#breadcrumb\"},\"inLanguage\":\"de\",\"potentialAction\":[{\"@type\":\"ReadAction\",\"target\":[\"https:\\\/\\\/cedre-et-charme.fr\\\/de\\\/erfahren-sie-mehr\\\/\"]}]},{\"@type\":\"ImageObject\",\"inLanguage\":\"de\",\"@id\":\"https:\\\/\\\/cedre-et-charme.fr\\\/de\\\/erfahren-sie-mehr\\\/#primaryimage\",\"url\":\"https:\\\/\\\/cedre-et-charme.fr\\\/wp-content\\\/uploads\\\/2013\\\/12\\\/Chambres-dh%C3%B4tes-en-Touraine-C%C3%A8dre-et-Charme-Depuis-la-verdure-du-parc-1024x768.jpg\",\"contentUrl\":\"https:\\\/\\\/cedre-et-charme.fr\\\/wp-content\\\/uploads\\\/2013\\\/12\\\/Chambres-dh%C3%B4tes-en-Touraine-C%C3%A8dre-et-Charme-Depuis-la-verdure-du-parc-1024x768.jpg\"},{\"@type\":\"BreadcrumbList\",\"@id\":\"https:\\\/\\\/cedre-et-charme.fr\\\/de\\\/erfahren-sie-mehr\\\/#breadcrumb\",\"itemListElement\":[{\"@type\":\"ListItem\",\"position\":1,\"name\":\"Home\",\"item\":\"https:\\\/\\\/cedre-et-charme.fr\\\/de\\\/beispielseite\\\/\"},{\"@type\":\"ListItem\",\"position\":2,\"name\":\"Weiterlesen&#8230;\"}]},{\"@type\":\"WebSite\",\"@id\":\"https:\\\/\\\/cedre-et-charme.fr\\\/de\\\/#website\",\"url\":\"https:\\\/\\\/cedre-et-charme.fr\\\/de\\\/\",\"name\":\"Maison hotes Cedre et Charme\",\"description\":\"Chambre d&#039;h\u00f4te en Touraine \\\/ Bed &amp; Breakfast in France Center and Loire Valley\",\"potentialAction\":[{\"@type\":\"SearchAction\",\"target\":{\"@type\":\"EntryPoint\",\"urlTemplate\":\"https:\\\/\\\/cedre-et-charme.fr\\\/de\\\/?s={search_term_string}\"},\"query-input\":{\"@type\":\"PropertyValueSpecification\",\"valueRequired\":true,\"valueName\":\"search_term_string\"}}],\"inLanguage\":\"de\"}]}<\/script>\n<!-- \/ Yoast SEO plugin. -->","yoast_head_json":{"title":"Erfahren Sie mehr \u00fcber die Pension C\u00e8dre et Charme","description":"Weitere Informationen zu unseren G\u00e4stezimmern im Le C\u00e8dre in der Region Centre","robots":{"index":"index","follow":"follow","max-snippet":"max-snippet:-1","max-image-preview":"max-image-preview:large","max-video-preview":"max-video-preview:-1"},"canonical":"https:\/\/cedre-et-charme.fr\/de\/erfahren-sie-mehr\/","og_locale":"de_DE","og_type":"article","og_title":"Erfahren Sie mehr \u00fcber die Pension C\u00e8dre et Charme","og_description":"Weitere Informationen zu unseren G\u00e4stezimmern im Le C\u00e8dre in der Region Centre","og_url":"https:\/\/cedre-et-charme.fr\/de\/erfahren-sie-mehr\/","og_site_name":"Maison hotes Cedre et Charme","article_publisher":"https:\/\/www.facebook.com\/cedre.et.charme\/","og_image":[{"url":"https:\/\/cedre-et-charme.fr\/wp-content\/uploads\/2013\/12\/Chambres-dh%C3%B4tes-en-Touraine-C%C3%A8dre-et-Charme-Depuis-la-verdure-du-parc-1024x768.jpg","type":"","width":"","height":""}],"schema":{"@context":"https:\/\/schema.org","@graph":[{"@type":"WebPage","@id":"https:\/\/cedre-et-charme.fr\/de\/erfahren-sie-mehr\/","url":"https:\/\/cedre-et-charme.fr\/de\/erfahren-sie-mehr\/","name":"Erfahren Sie mehr \u00fcber die Pension C\u00e8dre et Charme","isPartOf":{"@id":"https:\/\/cedre-et-charme.fr\/de\/#website"},"primaryImageOfPage":{"@id":"https:\/\/cedre-et-charme.fr\/de\/erfahren-sie-mehr\/#primaryimage"},"image":{"@id":"https:\/\/cedre-et-charme.fr\/de\/erfahren-sie-mehr\/#primaryimage"},"thumbnailUrl":"https:\/\/cedre-et-charme.fr\/wp-content\/uploads\/2013\/12\/Chambres-dh%C3%B4tes-en-Touraine-C%C3%A8dre-et-Charme-Depuis-la-verdure-du-parc-1024x768.jpg","datePublished":"2013-12-18T10:48:49+00:00","description":"Weitere Informationen zu unseren G\u00e4stezimmern im Le C\u00e8dre in der Region Centre","breadcrumb":{"@id":"https:\/\/cedre-et-charme.fr\/de\/erfahren-sie-mehr\/#breadcrumb"},"inLanguage":"de","potentialAction":[{"@type":"ReadAction","target":["https:\/\/cedre-et-charme.fr\/de\/erfahren-sie-mehr\/"]}]},{"@type":"ImageObject","inLanguage":"de","@id":"https:\/\/cedre-et-charme.fr\/de\/erfahren-sie-mehr\/#primaryimage","url":"https:\/\/cedre-et-charme.fr\/wp-content\/uploads\/2013\/12\/Chambres-dh%C3%B4tes-en-Touraine-C%C3%A8dre-et-Charme-Depuis-la-verdure-du-parc-1024x768.jpg","contentUrl":"https:\/\/cedre-et-charme.fr\/wp-content\/uploads\/2013\/12\/Chambres-dh%C3%B4tes-en-Touraine-C%C3%A8dre-et-Charme-Depuis-la-verdure-du-parc-1024x768.jpg"},{"@type":"BreadcrumbList","@id":"https:\/\/cedre-et-charme.fr\/de\/erfahren-sie-mehr\/#breadcrumb","itemListElement":[{"@type":"ListItem","position":1,"name":"Home","item":"https:\/\/cedre-et-charme.fr\/de\/beispielseite\/"},{"@type":"ListItem","position":2,"name":"Weiterlesen&#8230;"}]},{"@type":"WebSite","@id":"https:\/\/cedre-et-charme.fr\/de\/#website","url":"https:\/\/cedre-et-charme.fr\/de\/","name":"Maison hotes Cedre et Charme","description":"Chambre d&#039;h\u00f4te en Touraine \/ Bed &amp; Breakfast in France Center and Loire Valley","potentialAction":[{"@type":"SearchAction","target":{"@type":"EntryPoint","urlTemplate":"https:\/\/cedre-et-charme.fr\/de\/?s={search_term_string}"},"query-input":{"@type":"PropertyValueSpecification","valueRequired":true,"valueName":"search_term_string"}}],"inLanguage":"de"}]}},"_links":{"self":[{"href":"https:\/\/cedre-et-charme.fr\/de\/wp-json\/wp\/v2\/pages\/5606","targetHints":{"allow":["GET"]}}],"collection":[{"href":"https:\/\/cedre-et-charme.fr\/de\/wp-json\/wp\/v2\/pages"}],"about":[{"href":"https:\/\/cedre-et-charme.fr\/de\/wp-json\/wp\/v2\/types\/page"}],"author":[{"embeddable":true,"href":"https:\/\/cedre-et-charme.fr\/de\/wp-json\/wp\/v2\/users\/3"}],"replies":[{"embeddable":true,"href":"https:\/\/cedre-et-charme.fr\/de\/wp-json\/wp\/v2\/comments?post=5606"}],"version-history":[{"count":0,"href":"https:\/\/cedre-et-charme.fr\/de\/wp-json\/wp\/v2\/pages\/5606\/revisions"}],"wp:attachment":[{"href":"https:\/\/cedre-et-charme.fr\/de\/wp-json\/wp\/v2\/media?parent=5606"}],"curies":[{"name":"wp","href":"https:\/\/api.w.org\/{rel}","templated":true}]}}

<p>Le Cèdre ist eines der bemerkenswerten Häuser von Saint Branchs. Das Anwesen verdankt seinen Namen der majestätischen jahrhundertealten Zeder, die Sie zum Betreten einlädt. Seit seiner Erbauung Mitte des 19. Jahrhunderts hat es viele Besitzer durchlaufen. Es war vor allem ein Notariat, dann die Schule für Jungen und Mädchen von Saint Branchs. Die letzten im Haus durchgeführten Arbeiten ermöglichen es, den gewünschten Komfort mit dem Charme dieser alten Residenz zu verbinden.</p>
<p>Anne und Armand du Garreau heißen Sie mit großer Freude willkommen und helfen Ihnen gerne, ihre Region nach Ihrem Geschmack und Ihren Wünschen zu entdecken.<br />
Müßiggang, gute Restaurants, gute Weine, Freizeit, sportliche oder kulturelle Aktivitäten: Genießen Sie die Touraine!</p>
<p><a href="https://cedre-et-charme.fr/wp-content/uploads/2013/12/Chambres-dh%C3%B4tes-en-Touraine-C%C3%A8dre-et-Charme-Depuis-la-verdure-du-parc-1024x768.jpg"><img decoding="async" class="alignnone size-full wp-image-478" src="https://cedre-et-charme.fr/wp-content/uploads/2013/12/Chambres-dh%C3%B4tes-en-Touraine-C%C3%A8dre-et-Charme-Depuis-la-verdure-du-parc-1024x768.jpg" alt="B&amp;B Cèdre et Charme - Val de lindre"></a></p>
<p>&nbsp;</p>
<p>&nbsp;</p>
<p>&nbsp;</p>
<p>&nbsp;</p>
<p>&nbsp;</p>
<p>&nbsp;</p>
<p>&nbsp;</p>
<p>&nbsp;</p>

<p>Le Cèdre ist eines der bemerkenswerten Häuser von Saint Branchs. Das Anwesen verdankt seinen Namen der majestätischen jahrhundertealten Zeder, die Sie zum Betreten einlädt. Seit  [&#8230;]</p>

<!-- This site is optimized with the Yoast SEO plugin v27.5 - https://yoast.com/product/yoast-seo-wordpress/ -->
<title>Erfahren Sie mehr über die Pension Cèdre et Charme</title>
<meta name="description" content="Weitere Informationen zu unseren Gästezimmern im Le Cèdre in der Region Centre" />
<meta name="robots" content="index, follow, max-snippet:-1, max-image-preview:large, max-video-preview:-1" />
<link rel="canonical" href="https://cedre-et-charme.fr/de/erfahren-sie-mehr/" />
<meta property="og:locale" content="de_DE" />
<meta property="og:type" content="article" />
<meta property="og:title" content="Erfahren Sie mehr über die Pension Cèdre et Charme" />
<meta property="og:description" content="Weitere Informationen zu unseren Gästezimmern im Le Cèdre in der Region Centre" />
<meta property="og:url" content="https://cedre-et-charme.fr/de/erfahren-sie-mehr/" />
<meta property="og:site_name" content="Maison hotes Cedre et Charme" />
<meta property="article:publisher" content="https://www.facebook.com/cedre.et.charme/" />
<meta property="og:image" content="https://cedre-et-charme.fr/wp-content/uploads/2013/12/Chambres-dh%C3%B4tes-en-Touraine-C%C3%A8dre-et-Charme-Depuis-la-verdure-du-parc-1024x768.jpg" />
<script type="application/ld+json" class="yoast-schema-graph">{"@context":"https:\/\/schema.org","@graph":[{"@type":"WebPage","@id":"https:\/\/cedre-et-charme.fr\/de\/erfahren-sie-mehr\/","url":"https:\/\/cedre-et-charme.fr\/de\/erfahren-sie-mehr\/","name":"Erfahren Sie mehr über die Pension Cèdre et Charme","isPartOf":{"@id":"https:\/\/cedre-et-charme.fr\/de\/#website"},"primaryImageOfPage":{"@id":"https:\/\/cedre-et-charme.fr\/de\/erfahren-sie-mehr\/#primaryimage"},"image":{"@id":"https:\/\/cedre-et-charme.fr\/de\/erfahren-sie-mehr\/#primaryimage"},"thumbnailUrl":"https:\/\/cedre-et-charme.fr\/wp-content\/uploads\/2013\/12\/Chambres-dh%C3%B4tes-en-Touraine-C%C3%A8dre-et-Charme-Depuis-la-verdure-du-parc-1024x768.jpg","datePublished":"2013-12-18T10:48:49+00:00","description":"Weitere Informationen zu unseren Gästezimmern im Le Cèdre in der Region Centre","breadcrumb":{"@id":"https:\/\/cedre-et-charme.fr\/de\/erfahren-sie-mehr\/#breadcrumb"},"inLanguage":"de","potentialAction":[{"@type":"ReadAction","target":["https:\/\/cedre-et-charme.fr\/de\/erfahren-sie-mehr\/"]}]},{"@type":"ImageObject","inLanguage":"de","@id":"https:\/\/cedre-et-charme.fr\/de\/erfahren-sie-mehr\/#primaryimage","url":"https:\/\/cedre-et-charme.fr\/wp-content\/uploads\/2013\/12\/Chambres-dh%C3%B4tes-en-Touraine-C%C3%A8dre-et-Charme-Depuis-la-verdure-du-parc-1024x768.jpg","contentUrl":"https:\/\/cedre-et-charme.fr\/wp-content\/uploads\/2013\/12\/Chambres-dh%C3%B4tes-en-Touraine-C%C3%A8dre-et-Charme-Depuis-la-verdure-du-parc-1024x768.jpg"},{"@type":"BreadcrumbList","@id":"https:\/\/cedre-et-charme.fr\/de\/erfahren-sie-mehr\/#breadcrumb","itemListElement":[{"@type":"ListItem","position":1,"name":"Home","item":"https:\/\/cedre-et-charme.fr\/de\/beispielseite\/"},{"@type":"ListItem","position":2,"name":"Weiterlesen&#8230;"}]},{"@type":"WebSite","@id":"https:\/\/cedre-et-charme.fr\/de\/#website","url":"https:\/\/cedre-et-charme.fr\/de\/","name":"Maison hotes Cedre et Charme","description":"Chambre d&#039;hôte en Touraine \/ Bed &amp; Breakfast in France Center and Loire Valley","potentialAction":[{"@type":"SearchAction","target":{"@type":"EntryPoint","urlTemplate":"https:\/\/cedre-et-charme.fr\/de\/?s={search_term_string}"},"query-input":{"@type":"PropertyValueSpecification","valueRequired":true,"valueName":"search_term_string"}}],"inLanguage":"de"}]}</script>
<!-- / Yoast SEO plugin. -->

Erfahren Sie mehr über die Pension Cèdre et Charme

Weitere Informationen zu unseren Gästezimmern im Le Cèdre in der Region Centre

Chambre d&#039;hôte en Touraine / Bed &amp; Breakfast in France Center and Loire Valley
